{"id":25,"date":"2020-03-30T12:10:16","date_gmt":"2020-03-30T12:10:16","guid":{"rendered":"http:\/\/jung-ferien.de\/?page_id=25"},"modified":"2021-10-23T20:27:17","modified_gmt":"2021-10-23T19:27:17","slug":"kontakt","status":"publish","type":"page","link":"http:\/\/jung-ferien.de\/?page_id=25","title":{"rendered":"Kontakt &#038; Anfahrt"},"content":{"rendered":"\n<p>Gr\u00fc\u00df Gott! <\/p>\n\n\n\n<p>Es freut uns, dass Du auf uns aufmerksam geworden bist! <br>Solltest Du Fragen, W\u00fcnsche, Anregungen haben, lass uns gern ein paar Zeilen hier. <\/p>\n\n\n\n<p>Online buchen ist nicht so Dein Ding? Kein Problem, auch das geht bei uns noch per Telefon. Wir freuen uns auf deinen Anruf oder Email!<\/p>\n\n\n\n<p>Du erreichst uns unter:<\/p>\n\n\n\n<p><a rel=\"noreferrer noopener\" href=\"mailto:info@jung-ferien.de\" target=\"_blank\">info@jung-ferien.de<\/a><\/p>\n\n\n\n<p>Tel.: +49 (0)7575-4346<\/p>\n\n\n\n<p>Mobil: +49 (0) 152-29065442<\/p>\n\n\n\n<p>Bichtlingerstra\u00dfe 18\/1 in 88605 Me\u00dfkirch<\/p>\n","protected":false},"excerpt":{"rendered":"<p>Gr\u00fc\u00df Gott! Es freut uns, dass Du auf uns aufmerksam geworden bist! Solltest Du Fragen, W\u00fcnsche, Anregungen haben, lass uns gern ein paar Zeilen hier. [&#8230;]<\/p>\n","protected":false},"author":1,"featured_media":0,"parent":0,"menu_order":25,"comment_status":"closed","ping_status":"closed","template":"","meta":{"_monsterinsights_skip_tracking":false,"_monsterinsights_sitenote_active":false,"_monsterinsights_sitenote_note":"","_monsterinsights_sitenote_category":0,"footnotes":""},"class_list":["post-25","page","type-page","status-publish","hentry"],"aioseo_notices":[],"_links":{"self":[{"href":"http:\/\/jung-ferien.de\/index.php?rest_route=\/wp\/v2\/pages\/25","targetHints":{"allow":["GET"]}}],"collection":[{"href":"http:\/\/jung-ferien.de\/index.php?rest_route=\/wp\/v2\/pages"}],"about":[{"href":"http:\/\/jung-ferien.de\/index.php?rest_route=\/wp\/v2\/types\/page"}],"author":[{"embeddable":true,"href":"http:\/\/jung-ferien.de\/index.php?rest_route=\/wp\/v2\/users\/1"}],"replies":[{"embeddable":true,"href":"http:\/\/jung-ferien.de\/index.php?rest_route=%2Fwp%2Fv2%2Fcomments&post=25"}],"version-history":[{"count":8,"href":"http:\/\/jung-ferien.de\/index.php?rest_route=\/wp\/v2\/pages\/25\/revisions"}],"predecessor-version":[{"id":550,"href":"http:\/\/jung-ferien.de\/index.php?rest_route=\/wp\/v2\/pages\/25\/revisions\/550"}],"wp:attachment":[{"href":"http:\/\/jung-ferien.de\/index.php?rest_route=%2Fwp%2Fv2%2Fmedia&parent=25"}],"curies":[{"name":"wp","href":"https:\/\/api.w.org\/{rel}","templated":true}]}}

<p>Grüß Gott! </p>



<p>Es freut uns, dass Du auf uns aufmerksam geworden bist! <br>Solltest Du Fragen, Wünsche, Anregungen haben, lass uns gern ein paar Zeilen hier. </p>



<p>Online buchen ist nicht so Dein Ding? Kein Problem, auch das geht bei uns noch per Telefon. Wir freuen uns auf deinen Anruf oder Email!</p>



<p>Du erreichst uns unter:</p>



<p><a rel="noreferrer noopener" href="mailto:info@jung-ferien.de" target="_blank">info@jung-ferien.de</a></p>



<p>Tel.: +49 (0)7575-4346</p>



<p>Mobil: +49 (0) 152-29065442</p>



<p>Bichtlingerstraße 18/1 in 88605 Meßkirch</p>

<p>Grüß Gott! Es freut uns, dass Du auf uns aufmerksam geworden bist! Solltest Du Fragen, Wünsche, Anregungen haben, lass uns gern ein paar Zeilen hier. [&#8230;]</p>
